{"id":2,"date":"2024-04-16T08:28:52","date_gmt":"2024-04-16T08:28:52","guid":{"rendered":"https:\/\/italargislu.rkinformatika.online\/?page_id=2"},"modified":"2025-07-15T06:27:04","modified_gmt":"2025-07-15T06:27:04","slug":"inicio","status":"publish","type":"page","link":"https:\/\/italargislu.com\/eus\/","title":{"rendered":"Hasiera"},"content":{"rendered":"<div data-elementor-type=\"wp-page\" data-elementor-id=\"2\" class=\"elementor elementor-2\" data-elementor-post-type=\"page\">\n\t\t\t\t\t\t<section class=\"elementor-section elementor-top-section elementor-element elementor-element-7f5a8520 elementor-reverse-mobile elementor-section-boxed elementor-section-height-default elementor-section-height-default\" data-id=\"7f5a8520\" data-element_type=\"section\" data-e-type=\"section\" data-settings=\"{&quot;background_background&quot;:&quot;classic&quot;,&quot;shape_divider_bottom&quot;:&quot;opacity-fan&quot;}\">\n\t\t\t\t\t\t\t<div class=\"elementor-background-overlay\"><\/div>\n\t\t\t\t\t\t<div class=\"elementor-shape elementor-shape-bottom\" aria-hidden=\"true\" data-negative=\"false\">\n\t\t\t<svg xmlns=\"http:\/\/www.w3.org\/2000\/svg\" viewbox=\"0 0 283.5 19.6\" preserveaspectratio=\"none\">\n\t<path class=\"elementor-shape-fill\" style=\"opacity:0.33\" d=\"M0 0L0 18.8 141.8 4.1 283.5 18.8 283.5 0z\"\/>\n\t<path class=\"elementor-shape-fill\" style=\"opacity:0.33\" d=\"M0 0L0 12.6 141.8 4 283.5 12.6 283.5 0z\"\/>\n\t<path class=\"elementor-shape-fill\" style=\"opacity:0.33\" d=\"M0 0L0 6.4 141.8 4 283.5 6.4 283.5 0z\"\/>\n\t<path class=\"elementor-shape-fill\" d=\"M0 0L0 1.2 141.8 4 283.5 1.2 283.5 0z\"\/>\n<\/svg>\t\t<\/div>\n\t\t\t\t\t<div class=\"elementor-container elementor-column-gap-wider\">\n\t\t\t\t\t<div class=\"elementor-column elementor-col-100 elementor-top-column elementor-element elementor-element-4304ae1b\" data-id=\"4304ae1b\" data-element_type=\"column\" data-e-type=\"column\" data-settings=\"{&quot;background_background&quot;:&quot;classic&quot;}\">\n\t\t\t<div class=\"elementor-widget-wrap elementor-element-populated\">\n\t\t\t\t\t\t<div class=\"elementor-element elementor-element-a9686fc elementor-widget elementor-widget-heading\" data-id=\"a9686fc\" data-element_type=\"widget\" data-e-type=\"widget\" data-widget_type=\"heading.default\">\n\t\t\t\t<div class=\"elementor-widget-container\">\n\t\t\t\t\t<h1 class=\"elementor-heading-title elementor-size-default\">Instalazio eta mantentze elektrikoko soluzio integralak zure etxerako eta negoziorako<\/h1>\t\t\t\t<\/div>\n\t\t\t\t<\/div>\n\t\t\t\t\t<\/div>\n\t\t<\/div>\n\t\t\t\t\t<\/div>\n\t\t<\/section>\n\t\t\t\t<section class=\"elementor-section elementor-top-section elementor-element elementor-element-d58114a elementor-section-boxed elementor-section-height-default elementor-section-height-default\" data-id=\"d58114a\" data-element_type=\"section\" data-e-type=\"section\" data-settings=\"{&quot;background_background&quot;:&quot;classic&quot;}\">\n\t\t\t\t\t\t<div class=\"elementor-container elementor-column-gap-wider\">\n\t\t\t\t\t<div class=\"elementor-column elementor-col-50 elementor-top-column elementor-element elementor-element-a785ef4\" data-id=\"a785ef4\" data-element_type=\"column\" data-e-type=\"column\">\n\t\t\t<div class=\"elementor-widget-wrap elementor-element-populated\">\n\t\t\t\t\t\t<div class=\"elementor-element elementor-element-1d23db5 elementor-invisible elementor-widget elementor-widget-heading\" data-id=\"1d23db5\" data-element_type=\"widget\" data-e-type=\"widget\" data-settings=\"{&quot;_animation&quot;:&quot;fadeInDown&quot;}\" data-widget_type=\"heading.default\">\n\t\t\t\t<div class=\"elementor-widget-container\">\n\t\t\t\t\t<h2 class=\"elementor-heading-title elementor-size-default\">Guri Buruz<\/h2>\t\t\t\t<\/div>\n\t\t\t\t<\/div>\n\t\t\t\t<div class=\"elementor-element elementor-element-a447103 elementor-invisible elementor-widget elementor-widget-text-editor\" data-id=\"a447103\" data-element_type=\"widget\" data-e-type=\"widget\" data-settings=\"{&quot;_animation&quot;:&quot;fadeInDown&quot;}\" data-widget_type=\"text-editor.default\">\n\t\t\t\t<div class=\"elementor-widget-container\">\n\t\t\t\t\t\t\t\t\t<p>Italargi SLU enpresak ibilbide luzea du instalazioetan eta mantentze-lan elektrikoetan Europa osoan. Bikaintasunarekin eta xehetasunezko arretarekin dugun konpromisoari esker, harreman sendoak eraiki ditugu gure bezeroekin urteetan zehar. Harro gaude irtenbide elektriko berritzaileak eta kalitatezkoak eskaintzeaz, gaitasun handiko talde batek babestuta, eta bezeroaren gogobetetasunari dedikazio hautsezina eskainiz. Konfiantza izan Italargi SLUrengan bere behar elektriko guztiak profesionaltasun eta fidagarritasun paregabez betetzeko.<\/p>\t\t\t\t\t\t\t\t<\/div>\n\t\t\t\t<\/div>\n\t\t\t\t\t<\/div>\n\t\t<\/div>\n\t\t\t\t<div class=\"elementor-column elementor-col-50 elementor-top-column elementor-element elementor-element-6a98f3d9\" data-id=\"6a98f3d9\" data-element_type=\"column\" data-e-type=\"column\" data-settings=\"{&quot;background_background&quot;:&quot;classic&quot;}\">\n\t\t\t<div class=\"elementor-widget-wrap elementor-element-populated\">\n\t\t\t\t\t\t<div class=\"elementor-element elementor-element-6400abf elementor-widget elementor-widget-image\" data-id=\"6400abf\" data-element_type=\"widget\" data-e-type=\"widget\" data-widget_type=\"image.default\">\n\t\t\t\t<div class=\"elementor-widget-container\">\n\t\t\t\t\t\t\t\t\t\t\t\t\t\t\t<img fetchpriority=\"high\" decoding=\"async\" width=\"2000\" height=\"1333\" src=\"https:\/\/italargislu.com\/wp-content\/uploads\/2024\/04\/electrician-installing-outlet.jpg\" class=\"attachment-full size-full wp-image-117\" alt=\"Electrician Installing Outlet\" srcset=\"https:\/\/italargislu.com\/wp-content\/uploads\/2024\/04\/electrician-installing-outlet.jpg 2000w, https:\/\/italargislu.com\/wp-content\/uploads\/2024\/04\/electrician-installing-outlet-300x200.jpg 300w, https:\/\/italargislu.com\/wp-content\/uploads\/2024\/04\/electrician-installing-outlet-1024x682.jpg 1024w, https:\/\/italargislu.com\/wp-content\/uploads\/2024\/04\/electrician-installing-outlet-768x512.jpg 768w, https:\/\/italargislu.com\/wp-content\/uploads\/2024\/04\/electrician-installing-outlet-1536x1024.jpg 1536w, https:\/\/italargislu.com\/wp-content\/uploads\/2024\/04\/electrician-installing-outlet-18x12.jpg 18w\" sizes=\"(max-width: 2000px) 100vw, 2000px\" \/>\t\t\t\t\t\t\t\t\t\t\t\t\t\t\t<\/div>\n\t\t\t\t<\/div>\n\t\t\t\t\t<\/div>\n\t\t<\/div>\n\t\t\t\t\t<\/div>\n\t\t<\/section>\n\t\t\t\t<section class=\"elementor-section elementor-top-section elementor-element elementor-element-3c0b8a21 elementor-section-boxed elementor-section-height-default elementor-section-height-default\" data-id=\"3c0b8a21\" data-element_type=\"section\" data-e-type=\"section\" data-settings=\"{&quot;background_background&quot;:&quot;classic&quot;}\">\n\t\t\t\t\t\t<div class=\"elementor-container elementor-column-gap-wider\">\n\t\t\t\t\t<div class=\"elementor-column elementor-col-33 elementor-top-column elementor-element elementor-element-78ca6d23\" data-id=\"78ca6d23\" data-element_type=\"column\" data-e-type=\"column\">\n\t\t\t<div class=\"elementor-widget-wrap elementor-element-populated\">\n\t\t\t\t\t\t<div class=\"elementor-element elementor-element-b7b05f1 elementor-widget elementor-widget-counter\" data-id=\"b7b05f1\" data-element_type=\"widget\" data-e-type=\"widget\" data-widget_type=\"counter.default\">\n\t\t\t\t<div class=\"elementor-widget-container\">\n\t\t\t\t\t\t\t<div class=\"elementor-counter\">\n\t\t\t<div class=\"elementor-counter-title\">Egindako proiektuak<\/div>\t\t\t<div class=\"elementor-counter-number-wrapper\">\n\t\t\t\t<span class=\"elementor-counter-number-prefix\">+<\/span>\n\t\t\t\t<span class=\"elementor-counter-number\" data-duration=\"2000\" data-to-value=\"2000\" data-from-value=\"0\" data-delimiter=\".\">0<\/span>\n\t\t\t\t<span class=\"elementor-counter-number-suffix\"><\/span>\n\t\t\t<\/div>\n\t\t<\/div>\n\t\t\t\t\t\t<\/div>\n\t\t\t\t<\/div>\n\t\t\t\t\t<\/div>\n\t\t<\/div>\n\t\t\t\t<div class=\"elementor-column elementor-col-33 elementor-top-column elementor-element elementor-element-a16f400\" data-id=\"a16f400\" data-element_type=\"column\" data-e-type=\"column\">\n\t\t\t<div class=\"elementor-widget-wrap elementor-element-populated\">\n\t\t\t\t\t\t<div class=\"elementor-element elementor-element-22461811 elementor-widget elementor-widget-counter\" data-id=\"22461811\" data-element_type=\"widget\" data-e-type=\"widget\" data-widget_type=\"counter.default\">\n\t\t\t\t<div class=\"elementor-widget-container\">\n\t\t\t\t\t\t\t<div class=\"elementor-counter\">\n\t\t\t<div class=\"elementor-counter-title\">Pozik dauden bezeroak<\/div>\t\t\t<div class=\"elementor-counter-number-wrapper\">\n\t\t\t\t<span class=\"elementor-counter-number-prefix\"><\/span>\n\t\t\t\t<span class=\"elementor-counter-number\" data-duration=\"2000\" data-to-value=\"99\" data-from-value=\"0\" data-delimiter=\",\">0<\/span>\n\t\t\t\t<span class=\"elementor-counter-number-suffix\">%<\/span>\n\t\t\t<\/div>\n\t\t<\/div>\n\t\t\t\t\t\t<\/div>\n\t\t\t\t<\/div>\n\t\t\t\t\t<\/div>\n\t\t<\/div>\n\t\t\t\t<div class=\"elementor-column elementor-col-33 elementor-top-column elementor-element elementor-element-3f61a352\" data-id=\"3f61a352\" data-element_type=\"column\" data-e-type=\"column\">\n\t\t\t<div class=\"elementor-widget-wrap elementor-element-populated\">\n\t\t\t\t\t\t<div class=\"elementor-element elementor-element-661e54a2 elementor-widget elementor-widget-counter\" data-id=\"661e54a2\" data-element_type=\"widget\" data-e-type=\"widget\" data-widget_type=\"counter.default\">\n\t\t\t\t<div class=\"elementor-widget-container\">\n\t\t\t\t\t\t\t<div class=\"elementor-counter\">\n\t\t\t<div class=\"elementor-counter-title\">Urtetako esperientzia<\/div>\t\t\t<div class=\"elementor-counter-number-wrapper\">\n\t\t\t\t<span class=\"elementor-counter-number-prefix\">+<\/span>\n\t\t\t\t<span class=\"elementor-counter-number\" data-duration=\"2000\" data-to-value=\"10\" data-from-value=\"0\" data-delimiter=\",\">0<\/span>\n\t\t\t\t<span class=\"elementor-counter-number-suffix\"><\/span>\n\t\t\t<\/div>\n\t\t<\/div>\n\t\t\t\t\t\t<\/div>\n\t\t\t\t<\/div>\n\t\t\t\t\t<\/div>\n\t\t<\/div>\n\t\t\t\t\t<\/div>\n\t\t<\/section>\n\t\t\t\t<section class=\"elementor-section elementor-top-section elementor-element elementor-element-4a5fde79 elementor-reverse-mobile elementor-section-boxed elementor-section-height-default elementor-section-height-default\" data-id=\"4a5fde79\" data-element_type=\"section\" data-e-type=\"section\">\n\t\t\t\t\t\t<div class=\"elementor-container elementor-column-gap-wider\">\n\t\t\t\t\t<div class=\"elementor-column elementor-col-50 elementor-top-column elementor-element elementor-element-2734e259\" data-id=\"2734e259\" data-element_type=\"column\" data-e-type=\"column\" data-settings=\"{&quot;background_background&quot;:&quot;classic&quot;}\">\n\t\t\t<div class=\"elementor-widget-wrap elementor-element-populated\">\n\t\t\t\t\t\t<div class=\"elementor-element elementor-element-3990444 elementor-widget elementor-widget-image\" data-id=\"3990444\" data-element_type=\"widget\" data-e-type=\"widget\" data-widget_type=\"image.default\">\n\t\t\t\t<div class=\"elementor-widget-container\">\n\t\t\t\t\t\t\t\t\t\t\t\t\t\t\t<img decoding=\"async\" width=\"2000\" height=\"1279\" src=\"https:\/\/italargislu.com\/wp-content\/uploads\/2024\/04\/electrician-testing-fuses-in-the-electric-box.jpg\" class=\"attachment-full size-full wp-image-122\" alt=\"Electrician Testing Fuses In the Electric Box\" srcset=\"https:\/\/italargislu.com\/wp-content\/uploads\/2024\/04\/electrician-testing-fuses-in-the-electric-box.jpg 2000w, https:\/\/italargislu.com\/wp-content\/uploads\/2024\/04\/electrician-testing-fuses-in-the-electric-box-300x192.jpg 300w, https:\/\/italargislu.com\/wp-content\/uploads\/2024\/04\/electrician-testing-fuses-in-the-electric-box-1024x655.jpg 1024w, https:\/\/italargislu.com\/wp-content\/uploads\/2024\/04\/electrician-testing-fuses-in-the-electric-box-768x491.jpg 768w, https:\/\/italargislu.com\/wp-content\/uploads\/2024\/04\/electrician-testing-fuses-in-the-electric-box-1536x982.jpg 1536w, https:\/\/italargislu.com\/wp-content\/uploads\/2024\/04\/electrician-testing-fuses-in-the-electric-box-18x12.jpg 18w\" sizes=\"(max-width: 2000px) 100vw, 2000px\" \/>\t\t\t\t\t\t\t\t\t\t\t\t\t\t\t<\/div>\n\t\t\t\t<\/div>\n\t\t\t\t\t<\/div>\n\t\t<\/div>\n\t\t\t\t<div class=\"elementor-column elementor-col-50 elementor-top-column elementor-element elementor-element-87b51bb\" data-id=\"87b51bb\" data-element_type=\"column\" data-e-type=\"column\" data-settings=\"{&quot;background_background&quot;:&quot;classic&quot;}\">\n\t\t\t<div class=\"elementor-widget-wrap elementor-element-populated\">\n\t\t\t\t\t\t<div class=\"elementor-element elementor-element-c5a9d5b elementor-invisible elementor-widget elementor-widget-heading\" data-id=\"c5a9d5b\" data-element_type=\"widget\" data-e-type=\"widget\" data-settings=\"{&quot;_animation&quot;:&quot;fadeInDown&quot;}\" data-widget_type=\"heading.default\">\n\t\t\t\t<div class=\"elementor-widget-container\">\n\t\t\t\t\t<h2 class=\"elementor-heading-title elementor-size-default\">Zergatik aukeratu gu?<\/h2>\t\t\t\t<\/div>\n\t\t\t\t<\/div>\n\t\t\t\t<div class=\"elementor-element elementor-element-7cb3b93d elementor-invisible elementor-widget elementor-widget-text-editor\" data-id=\"7cb3b93d\" data-element_type=\"widget\" data-e-type=\"widget\" data-settings=\"{&quot;_animation&quot;:&quot;fadeInDown&quot;}\" data-widget_type=\"text-editor.default\">\n\t\t\t\t<div class=\"elementor-widget-container\">\n\t\t\t\t\t\t\t\t\t<p>Italargi SLU aukeratzean, aukeratu esperientziaren eta bikaintasunaren bermea proiektu elektriko bakoitzean. Gure taldea kualifikazio handikoa eta konprometitua da, eta bidearen urrats bakoitzean dituzten itxaropenak gainditzera bideratuta dago. Hasierako instalaziotik etengabeko mantentze-lanetaraino, etxeko edo enpresako eraginkortasuna eta segurtasuna bermatuko duten abangoardiako soluzio elektrikoak eskaintzen ahalegintzen gara. Gainera, Europan dugun ospeak bezeroaren kalitatearekiko eta gogobetetasunarekiko konpromisoa islatzen du. Konfiantza izan Italargi SLUrengan bere proiektu elektrikoak profesionaltasunez, fidagarritasunez eta aparteko emaitzez gauzatzeko.<\/p>\t\t\t\t\t\t\t\t<\/div>\n\t\t\t\t<\/div>\n\t\t\t\t<div class=\"elementor-element elementor-element-2792c47d elementor-widget__width-inherit elementor-align-left elementor-mobile-align-center elementor-invisible elementor-widget elementor-widget-button\" data-id=\"2792c47d\" data-element_type=\"widget\" data-e-type=\"widget\" data-settings=\"{&quot;_animation&quot;:&quot;fadeInDown&quot;}\" data-widget_type=\"button.default\">\n\t\t\t\t<div class=\"elementor-widget-container\">\n\t\t\t\t\t\t\t\t\t<div class=\"elementor-button-wrapper\">\n\t\t\t\t\t<a class=\"elementor-button elementor-button-link elementor-size-md elementor-animation-grow\" href=\"tel:%20652%20713%20412\">\n\t\t\t\t\t\t<span class=\"elementor-button-content-wrapper\">\n\t\t\t\t\t\t\t\t\t<span class=\"elementor-button-text\">Deitu<\/span>\n\t\t\t\t\t<\/span>\n\t\t\t\t\t<\/a>\n\t\t\t\t<\/div>\n\t\t\t\t\t\t\t\t<\/div>\n\t\t\t\t<\/div>\n\t\t\t\t\t<\/div>\n\t\t<\/div>\n\t\t\t\t\t<\/div>\n\t\t<\/section>\n\t\t\t\t<\/div>","protected":false},"excerpt":{"rendered":"<p>Soluciones integrales en instalaci\u00f3n y mantenimiento el\u00e9ctrico para tu hogar y negocio Sobre Nosotros Italargi SLU es una empresa con una vasta trayectoria en instalaciones y mantenimiento el\u00e9ctrico en toda Europa. Nuestro compromiso con la excelencia y la atenci\u00f3n al detalle nos ha permitido construir relaciones s\u00f3lidas con nuestros clientes a lo largo de los [&hellip;]<\/p>\n","protected":false},"author":1,"featured_media":0,"parent":0,"menu_order":0,"comment_status":"closed","ping_status":"closed","template":"elementor_canvas","meta":{"footnotes":""},"class_list":["post-2","page","type-page","status-publish","hentry"],"yoast_head":"<!-- This site is optimized with the Yoast SEO plugin v27.5 - https:\/\/yoast.com\/product\/yoast-seo-wordpress\/ -->\n<title>Inicio - Italargi SLU<\/title>\n<meta name=\"robots\" content=\"index, follow, max-snippet:-1, max-image-preview:large, max-video-preview:-1\" \/>\n<link rel=\"canonical\" href=\"https:\/\/italargislu.com\/eus\/\" \/>\n<meta property=\"og:locale\" content=\"en_US\" \/>\n<meta property=\"og:type\" content=\"article\" \/>\n<meta property=\"og:title\" content=\"Inicio - Italargi SLU\" \/>\n<meta property=\"og:description\" content=\"Soluciones integrales en instalaci\u00f3n y mantenimiento el\u00e9ctrico para tu hogar y negocio Sobre Nosotros Italargi SLU es una empresa con una vasta trayectoria en instalaciones y mantenimiento el\u00e9ctrico en toda Europa. Nuestro compromiso con la excelencia y la atenci\u00f3n al detalle nos ha permitido construir relaciones s\u00f3lidas con nuestros clientes a lo largo de los [&hellip;]\" \/>\n<meta property=\"og:url\" content=\"https:\/\/italargislu.com\/eus\/\" \/>\n<meta property=\"og:site_name\" content=\"Italargi SLU\" \/>\n<meta property=\"article:modified_time\" content=\"2025-07-15T06:27:04+00:00\" \/>\n<meta property=\"og:image\" content=\"https:\/\/italargislu.com\/wp-content\/uploads\/2024\/04\/electrician-installing-outlet.jpg\" \/>\n\t<meta property=\"og:image:width\" content=\"2000\" \/>\n\t<meta property=\"og:image:height\" content=\"1333\" \/>\n\t<meta property=\"og:image:type\" content=\"image\/jpeg\" \/>\n<meta name=\"twitter:card\" content=\"summary_large_image\" \/>\n<meta name=\"twitter:label1\" content=\"Est. reading time\" \/>\n\t<meta name=\"twitter:data1\" content=\"2 minutua\" \/>\n<script type=\"application\/ld+json\" class=\"yoast-schema-graph\">{\"@context\":\"https:\\\/\\\/schema.org\",\"@graph\":[{\"@type\":\"WebPage\",\"@id\":\"https:\\\/\\\/italargislu.com\\\/\",\"url\":\"https:\\\/\\\/italargislu.com\\\/\",\"name\":\"Inicio - Italargi SLU\",\"isPartOf\":{\"@id\":\"https:\\\/\\\/italargislu.com\\\/#website\"},\"primaryImageOfPage\":{\"@id\":\"https:\\\/\\\/italargislu.com\\\/#primaryimage\"},\"image\":{\"@id\":\"https:\\\/\\\/italargislu.com\\\/#primaryimage\"},\"thumbnailUrl\":\"https:\\\/\\\/italargislu.com\\\/wp-content\\\/uploads\\\/2024\\\/04\\\/electrician-installing-outlet.jpg\",\"datePublished\":\"2024-04-16T08:28:52+00:00\",\"dateModified\":\"2025-07-15T06:27:04+00:00\",\"breadcrumb\":{\"@id\":\"https:\\\/\\\/italargislu.com\\\/#breadcrumb\"},\"inLanguage\":\"eu\",\"potentialAction\":[{\"@type\":\"ReadAction\",\"target\":[\"https:\\\/\\\/italargislu.com\\\/\"]}]},{\"@type\":\"ImageObject\",\"inLanguage\":\"eu\",\"@id\":\"https:\\\/\\\/italargislu.com\\\/#primaryimage\",\"url\":\"https:\\\/\\\/italargislu.com\\\/wp-content\\\/uploads\\\/2024\\\/04\\\/electrician-installing-outlet.jpg\",\"contentUrl\":\"https:\\\/\\\/italargislu.com\\\/wp-content\\\/uploads\\\/2024\\\/04\\\/electrician-installing-outlet.jpg\"},{\"@type\":\"BreadcrumbList\",\"@id\":\"https:\\\/\\\/italargislu.com\\\/#breadcrumb\",\"itemListElement\":[{\"@type\":\"ListItem\",\"position\":1,\"name\":\"Portada\",\"item\":\"https:\\\/\\\/italargislu.com\\\/\"},{\"@type\":\"ListItem\",\"position\":2,\"name\":\"Inicio\"}]},{\"@type\":\"WebSite\",\"@id\":\"https:\\\/\\\/italargislu.com\\\/#website\",\"url\":\"https:\\\/\\\/italargislu.com\\\/\",\"name\":\"Italargi SLU\",\"description\":\"\",\"publisher\":{\"@id\":\"https:\\\/\\\/italargislu.com\\\/#organization\"},\"potentialAction\":[{\"@type\":\"SearchAction\",\"target\":{\"@type\":\"EntryPoint\",\"urlTemplate\":\"https:\\\/\\\/italargislu.com\\\/?s={search_term_string}\"},\"query-input\":{\"@type\":\"PropertyValueSpecification\",\"valueRequired\":true,\"valueName\":\"search_term_string\"}}],\"inLanguage\":\"eu\"},{\"@type\":\"Organization\",\"@id\":\"https:\\\/\\\/italargislu.com\\\/#organization\",\"name\":\"Italargi SLU\",\"url\":\"https:\\\/\\\/italargislu.com\\\/\",\"logo\":{\"@type\":\"ImageObject\",\"inLanguage\":\"eu\",\"@id\":\"https:\\\/\\\/italargislu.com\\\/#\\\/schema\\\/logo\\\/image\\\/\",\"url\":\"https:\\\/\\\/italargislu.com\\\/wp-content\\\/uploads\\\/2024\\\/04\\\/cropped-logo.png\",\"contentUrl\":\"https:\\\/\\\/italargislu.com\\\/wp-content\\\/uploads\\\/2024\\\/04\\\/cropped-logo.png\",\"width\":500,\"height\":93,\"caption\":\"Italargi SLU\"},\"image\":{\"@id\":\"https:\\\/\\\/italargislu.com\\\/#\\\/schema\\\/logo\\\/image\\\/\"}}]}<\/script>\n<!-- \/ Yoast SEO plugin. -->","yoast_head_json":{"title":"Inicio - Italargi SLU","robots":{"index":"index","follow":"follow","max-snippet":"max-snippet:-1","max-image-preview":"max-image-preview:large","max-video-preview":"max-video-preview:-1"},"canonical":"https:\/\/italargislu.com\/eus\/","og_locale":"en_US","og_type":"article","og_title":"Inicio - Italargi SLU","og_description":"Soluciones integrales en instalaci\u00f3n y mantenimiento el\u00e9ctrico para tu hogar y negocio Sobre Nosotros Italargi SLU es una empresa con una vasta trayectoria en instalaciones y mantenimiento el\u00e9ctrico en toda Europa. Nuestro compromiso con la excelencia y la atenci\u00f3n al detalle nos ha permitido construir relaciones s\u00f3lidas con nuestros clientes a lo largo de los [&hellip;]","og_url":"https:\/\/italargislu.com\/eus\/","og_site_name":"Italargi SLU","article_modified_time":"2025-07-15T06:27:04+00:00","og_image":[{"width":2000,"height":1333,"url":"https:\/\/italargislu.com\/wp-content\/uploads\/2024\/04\/electrician-installing-outlet.jpg","type":"image\/jpeg"}],"twitter_card":"summary_large_image","twitter_misc":{"Est. reading time":"2 minutua"},"schema":{"@context":"https:\/\/schema.org","@graph":[{"@type":"WebPage","@id":"https:\/\/italargislu.com\/","url":"https:\/\/italargislu.com\/","name":"Inicio - Italargi SLU","isPartOf":{"@id":"https:\/\/italargislu.com\/#website"},"primaryImageOfPage":{"@id":"https:\/\/italargislu.com\/#primaryimage"},"image":{"@id":"https:\/\/italargislu.com\/#primaryimage"},"thumbnailUrl":"https:\/\/italargislu.com\/wp-content\/uploads\/2024\/04\/electrician-installing-outlet.jpg","datePublished":"2024-04-16T08:28:52+00:00","dateModified":"2025-07-15T06:27:04+00:00","breadcrumb":{"@id":"https:\/\/italargislu.com\/#breadcrumb"},"inLanguage":"eu","potentialAction":[{"@type":"ReadAction","target":["https:\/\/italargislu.com\/"]}]},{"@type":"ImageObject","inLanguage":"eu","@id":"https:\/\/italargislu.com\/#primaryimage","url":"https:\/\/italargislu.com\/wp-content\/uploads\/2024\/04\/electrician-installing-outlet.jpg","contentUrl":"https:\/\/italargislu.com\/wp-content\/uploads\/2024\/04\/electrician-installing-outlet.jpg"},{"@type":"BreadcrumbList","@id":"https:\/\/italargislu.com\/#breadcrumb","itemListElement":[{"@type":"ListItem","position":1,"name":"Portada","item":"https:\/\/italargislu.com\/"},{"@type":"ListItem","position":2,"name":"Inicio"}]},{"@type":"WebSite","@id":"https:\/\/italargislu.com\/#website","url":"https:\/\/italargislu.com\/","name":"Italargi SLU","description":"","publisher":{"@id":"https:\/\/italargislu.com\/#organization"},"potentialAction":[{"@type":"SearchAction","target":{"@type":"EntryPoint","urlTemplate":"https:\/\/italargislu.com\/?s={search_term_string}"},"query-input":{"@type":"PropertyValueSpecification","valueRequired":true,"valueName":"search_term_string"}}],"inLanguage":"eu"},{"@type":"Organization","@id":"https:\/\/italargislu.com\/#organization","name":"Italargi SLU","url":"https:\/\/italargislu.com\/","logo":{"@type":"ImageObject","inLanguage":"eu","@id":"https:\/\/italargislu.com\/#\/schema\/logo\/image\/","url":"https:\/\/italargislu.com\/wp-content\/uploads\/2024\/04\/cropped-logo.png","contentUrl":"https:\/\/italargislu.com\/wp-content\/uploads\/2024\/04\/cropped-logo.png","width":500,"height":93,"caption":"Italargi SLU"},"image":{"@id":"https:\/\/italargislu.com\/#\/schema\/logo\/image\/"}}]}},"_links":{"self":[{"href":"https:\/\/italargislu.com\/eus\/wp-json\/wp\/v2\/pages\/2","targetHints":{"allow":["GET"]}}],"collection":[{"href":"https:\/\/italargislu.com\/eus\/wp-json\/wp\/v2\/pages"}],"about":[{"href":"https:\/\/italargislu.com\/eus\/wp-json\/wp\/v2\/types\/page"}],"author":[{"embeddable":true,"href":"https:\/\/italargislu.com\/eus\/wp-json\/wp\/v2\/users\/1"}],"replies":[{"embeddable":true,"href":"https:\/\/italargislu.com\/eus\/wp-json\/wp\/v2\/comments?post=2"}],"version-history":[{"count":68,"href":"https:\/\/italargislu.com\/eus\/wp-json\/wp\/v2\/pages\/2\/revisions"}],"predecessor-version":[{"id":263,"href":"https:\/\/italargislu.com\/eus\/wp-json\/wp\/v2\/pages\/2\/revisions\/263"}],"wp:attachment":[{"href":"https:\/\/italargislu.com\/eus\/wp-json\/wp\/v2\/media?parent=2"}],"curies":[{"name":"wp","href":"https:\/\/api.w.org\/{rel}","templated":true}]}}